{"id":610,"date":"2020-09-19T15:08:20","date_gmt":"2020-09-19T13:08:20","guid":{"rendered":"https:\/\/www.autoklastr.cz\/?post_type=projects&#038;p=610"},"modified":"2020-10-21T15:08:32","modified_gmt":"2020-10-21T13:08:32","slug":"cerada","status":"publish","type":"projects","link":"https:\/\/autoklastr.cz\/en\/projekty\/cerada\/","title":{"rendered":"CERADA"},"content":{"rendered":"<p><img loading=\"lazy\" decoding=\"async\" class=\"alignnone size-full wp-image-611\" src=\"https:\/\/www.autoklastr.cz\/wp-content\/uploads\/2020\/10\/cerada.jpg\" alt=\"\" width=\"212\" height=\"50\" \/><br \/>\n<strong>CERADA<\/strong>\u00a0&#8211; (Central Research and Development Area)\u00a0p\u0159isp\u00edv\u00e1 k\u00a0zdokonalen\u00ed a\u00a0pos\u00edlen\u00ed\u00a0potenci\u00e1lu v\u00a0oblasti v\u00fdzkumu, v\u00fdvoje a\u00a0inovac\u00ed pro automobilov\u00fd a\u00a0leteck\u00fd pr\u016fmysl\u00a0v\u00a0kooperuj\u00edc\u00edch regi\u00f3nech \u010cesk\u00e9, Slovensk\u00e9 republiky a\u00a0Polska.<\/p>\n<p><a href=\"http:\/\/www.cerada.org\/database\/\" target=\"_blank\" rel=\"noopener noreferrer\"><img decoding=\"async\" src=\"http:\/\/autoklastr.cz\/images\/NDA5eDIwMHgyMzU=\/cerada.png\" alt=\"\" \/><\/a>Pro dosa\u017een\u00ed c\u00edlu byla\u00a0vytvo\u0159ena\u00a0platforma, kter\u00e1 p\u0159isp\u011bje k zdokonalen\u00ed V&#038;V v\u00a0kooperuj\u00edc\u00edch regi\u00f3nech. N\u00e1strojem je datab\u00e1ze \u2013\u00a0<a href=\"http:\/\/www.cerada.org\/database\/\" target=\"_blank\" rel=\"noopener noreferrer\"><strong>CERADA CATALOGUE<\/strong><\/a><\/p>\n<p>Obsahuje:<\/p>\n<ul>\n<li>detailn\u00ed profily v\u011bdecko v\u00fdzkumn\u00edch instituc\u00ed, jejich specifikace v\u00a0oboru, laboratorn\u00ed vybaven\u00ed a jin\u00e9,<\/li>\n<li>pokro\u010dile vyhled\u00e1van\u00ed,<\/li>\n<li>reference s ohledem na spolupr\u00e1ci s\u00a0podniky.<\/li>\n<\/ul>\n","protected":false},"excerpt":{"rendered":"<p>CERADA\u00a0&#8211; (Central Research and Development Area)\u00a0p\u0159isp\u00edv\u00e1 k\u00a0zdokonalen\u00ed a\u00a0pos\u00edlen\u00ed\u00a0potenci\u00e1lu v\u00a0oblasti v\u00fdzkumu, v\u00fdvoje a\u00a0inovac\u00ed pro automobilov\u00fd a\u00a0leteck\u00fd pr\u016fmysl\u00a0v\u00a0kooperuj\u00edc\u00edch regi\u00f3nech \u010cesk\u00e9, Slovensk\u00e9 republiky a\u00a0Polska. Pro dosa\u017een\u00ed c\u00edlu byla\u00a0vytvo\u0159ena\u00a0platforma, kter\u00e1 p\u0159isp\u011bje k zdokonalen\u00ed V&#038;V v\u00a0kooperuj\u00edc\u00edch regi\u00f3nech. N\u00e1strojem je datab\u00e1ze \u2013\u00a0CERADA CATALOGUE Obsahuje: detailn\u00ed profily v\u011bdecko v\u00fdzkumn\u00edch instituc\u00ed, jejich specifikace v\u00a0oboru, laboratorn\u00ed vybaven\u00ed a jin\u00e9, pokro\u010dile vyhled\u00e1van\u00ed, reference s ohledem [&hellip;]<\/p>\n","protected":false},"featured_media":402,"template":"","rok":[63],"mesic":[],"typ_projektu":[],"project_status":[],"acf":[],"yoast_head":"<!-- This site is optimized with the Yoast SEO plugin v24.5 - https:\/\/yoast.com\/wordpress\/plugins\/seo\/ -->\n<title>CERADA | Autoklastr<\/title>\n<meta name=\"robots\" content=\"index, follow, max-snippet:-1, max-image-preview:large, max-video-preview:-1\" \/>\n<link rel=\"canonical\" href=\"https:\/\/autoklastr.cz\/en\/projekty\/cerada\/\" \/>\n<meta property=\"og:locale\" content=\"en_US\" \/>\n<meta property=\"og:locale:alternate\" content=\"cs_CZ\" \/>\n<meta property=\"og:type\" content=\"article\" \/>\n<meta property=\"og:title\" content=\"CERADA\" \/>\n<meta property=\"og:description\" content=\"CERADA\u00a0&#8211; (Central Research and Development Area)\u00a0p\u0159isp\u00edv\u00e1 k\u00a0zdokonalen\u00ed a\u00a0pos\u00edlen\u00ed\u00a0potenci\u00e1lu v\u00a0oblasti v\u00fdzkumu, v\u00fdvoje a\u00a0inovac\u00ed pro automobilov\u00fd a\u00a0leteck\u00fd pr\u016fmysl\u00a0v\u00a0kooperuj\u00edc\u00edch regi\u00f3nech \u010cesk\u00e9, Slovensk\u00e9 republiky a\u00a0Polska. Pro dosa\u017een\u00ed c\u00edlu byla\u00a0vytvo\u0159ena\u00a0platforma, kter\u00e1 p\u0159isp\u011bje k zdokonalen\u00ed V&amp;V v\u00a0kooperuj\u00edc\u00edch regi\u00f3nech. N\u00e1strojem je datab\u00e1ze \u2013\u00a0CERADA CATALOGUE Obsahuje: detailn\u00ed profily v\u011bdecko v\u00fdzkumn\u00edch instituc\u00ed, jejich specifikace v\u00a0oboru, laboratorn\u00ed vybaven\u00ed a jin\u00e9, pokro\u010dile vyhled\u00e1van\u00ed, reference s ohledem [&hellip;]\" \/>\n<meta property=\"og:url\" content=\"https:\/\/autoklastr.cz\/en\/projekty\/cerada\/\" \/>\n<meta property=\"og:site_name\" content=\"Autoklastr\" \/>\n<meta property=\"article:modified_time\" content=\"2020-10-21T13:08:32+00:00\" \/>\n<meta property=\"og:image\" content=\"https:\/\/autoklastr.cz\/wp-content\/uploads\/2020\/09\/logo-1.png\" \/>\n\t<meta property=\"og:image:width\" content=\"543\" \/>\n\t<meta property=\"og:image:height\" content=\"124\" \/>\n\t<meta property=\"og:image:type\" content=\"image\/png\" \/>\n<meta name=\"twitter:card\" content=\"summary_large_image\" \/>\n<meta name=\"twitter:label1\" content=\"Est. reading time\" \/>\n\t<meta name=\"twitter:data1\" content=\"1 minute\" \/>\n<script type=\"application\/ld+json\" class=\"yoast-schema-graph\">{\"@context\":\"https:\/\/schema.org\",\"@graph\":[{\"@type\":\"WebPage\",\"@id\":\"https:\/\/autoklastr.cz\/en\/projekty\/cerada\/\",\"url\":\"https:\/\/autoklastr.cz\/en\/projekty\/cerada\/\",\"name\":\"CERADA\",\"isPartOf\":{\"@id\":\"https:\/\/autoklastr.cz\/cs\/#website\"},\"primaryImageOfPage\":{\"@id\":\"https:\/\/autoklastr.cz\/en\/projekty\/cerada\/#primaryimage\"},\"image\":{\"@id\":\"https:\/\/autoklastr.cz\/en\/projekty\/cerada\/#primaryimage\"},\"thumbnailUrl\":\"https:\/\/autoklastr.cz\/wp-content\/uploads\/2020\/09\/logo-1.png\",\"datePublished\":\"2020-09-19T13:08:20+00:00\",\"dateModified\":\"2020-10-21T13:08:32+00:00\",\"breadcrumb\":{\"@id\":\"https:\/\/autoklastr.cz\/en\/projekty\/cerada\/#breadcrumb\"},\"inLanguage\":\"en-US\",\"potentialAction\":[{\"@type\":\"ReadAction\",\"target\":[\"https:\/\/autoklastr.cz\/en\/projekty\/cerada\/\"]}]},{\"@type\":\"ImageObject\",\"inLanguage\":\"en-US\",\"@id\":\"https:\/\/autoklastr.cz\/en\/projekty\/cerada\/#primaryimage\",\"url\":\"https:\/\/autoklastr.cz\/wp-content\/uploads\/2020\/09\/logo-1.png\",\"contentUrl\":\"https:\/\/autoklastr.cz\/wp-content\/uploads\/2020\/09\/logo-1.png\",\"width\":543,\"height\":124},{\"@type\":\"BreadcrumbList\",\"@id\":\"https:\/\/autoklastr.cz\/en\/projekty\/cerada\/#breadcrumb\",\"itemListElement\":[{\"@type\":\"ListItem\",\"position\":1,\"name\":\"Dom\u016f\",\"item\":\"https:\/\/autoklastr.cz\/cs\/\"},{\"@type\":\"ListItem\",\"position\":2,\"name\":\"CERADA\"}]},{\"@type\":\"WebSite\",\"@id\":\"https:\/\/autoklastr.cz\/cs\/#website\",\"url\":\"https:\/\/autoklastr.cz\/cs\/\",\"name\":\"Autoklastr\",\"description\":\"Spole\u010dn\u011b pro Automotive!\",\"potentialAction\":[{\"@type\":\"SearchAction\",\"target\":{\"@type\":\"EntryPoint\",\"urlTemplate\":\"https:\/\/autoklastr.cz\/cs\/?s={search_term_string}\"},\"query-input\":{\"@type\":\"PropertyValueSpecification\",\"valueRequired\":true,\"valueName\":\"search_term_string\"}}],\"inLanguage\":\"en-US\"}]}<\/script>\n<!-- \/ Yoast SEO plugin. -->","yoast_head_json":{"title":"CERADA | Autoklastr","robots":{"index":"index","follow":"follow","max-snippet":"max-snippet:-1","max-image-preview":"max-image-preview:large","max-video-preview":"max-video-preview:-1"},"canonical":"https:\/\/autoklastr.cz\/en\/projekty\/cerada\/","og_locale":"en_US","og_type":"article","og_title":"[:cs]CERADA[:] | Autoklastr","og_description":"CERADA\u00a0&#8211; (Central Research and Development Area)\u00a0p\u0159isp\u00edv\u00e1 k\u00a0zdokonalen\u00ed a\u00a0pos\u00edlen\u00ed\u00a0potenci\u00e1lu v\u00a0oblasti v\u00fdzkumu, v\u00fdvoje a\u00a0inovac\u00ed pro automobilov\u00fd a\u00a0leteck\u00fd pr\u016fmysl\u00a0v\u00a0kooperuj\u00edc\u00edch regi\u00f3nech \u010cesk\u00e9, Slovensk\u00e9 republiky a\u00a0Polska. Pro dosa\u017een\u00ed c\u00edlu byla\u00a0vytvo\u0159ena\u00a0platforma, kter\u00e1 p\u0159isp\u011bje k zdokonalen\u00ed V&#038;V v\u00a0kooperuj\u00edc\u00edch regi\u00f3nech. N\u00e1strojem je datab\u00e1ze \u2013\u00a0CERADA CATALOGUE Obsahuje: detailn\u00ed profily v\u011bdecko v\u00fdzkumn\u00edch instituc\u00ed, jejich specifikace v\u00a0oboru, laboratorn\u00ed vybaven\u00ed a jin\u00e9, pokro\u010dile vyhled\u00e1van\u00ed, reference s ohledem [&hellip;]","og_url":"https:\/\/autoklastr.cz\/en\/projekty\/cerada\/","og_site_name":"Autoklastr","article_modified_time":"2020-10-21T13:08:32+00:00","og_image":[{"width":543,"height":124,"url":"https:\/\/autoklastr.cz\/wp-content\/uploads\/2020\/09\/logo-1.png","type":"image\/png"}],"twitter_card":"summary_large_image","twitter_misc":{"Est. reading time":"1 minute"},"schema":{"@context":"https:\/\/schema.org","@graph":[{"@type":"WebPage","@id":"https:\/\/autoklastr.cz\/en\/projekty\/cerada\/","url":"https:\/\/autoklastr.cz\/en\/projekty\/cerada\/","name":"CERADA","isPartOf":{"@id":"https:\/\/autoklastr.cz\/cs\/#website"},"primaryImageOfPage":{"@id":"https:\/\/autoklastr.cz\/en\/projekty\/cerada\/#primaryimage"},"image":{"@id":"https:\/\/autoklastr.cz\/en\/projekty\/cerada\/#primaryimage"},"thumbnailUrl":"https:\/\/autoklastr.cz\/wp-content\/uploads\/2020\/09\/logo-1.png","datePublished":"2020-09-19T13:08:20+00:00","dateModified":"2020-10-21T13:08:32+00:00","breadcrumb":{"@id":"https:\/\/autoklastr.cz\/en\/projekty\/cerada\/#breadcrumb"},"inLanguage":"en-US","potentialAction":[{"@type":"ReadAction","target":["https:\/\/autoklastr.cz\/en\/projekty\/cerada\/"]}]},{"@type":"ImageObject","inLanguage":"en-US","@id":"https:\/\/autoklastr.cz\/en\/projekty\/cerada\/#primaryimage","url":"https:\/\/autoklastr.cz\/wp-content\/uploads\/2020\/09\/logo-1.png","contentUrl":"https:\/\/autoklastr.cz\/wp-content\/uploads\/2020\/09\/logo-1.png","width":543,"height":124},{"@type":"BreadcrumbList","@id":"https:\/\/autoklastr.cz\/en\/projekty\/cerada\/#breadcrumb","itemListElement":[{"@type":"ListItem","position":1,"name":"Dom\u016f","item":"https:\/\/autoklastr.cz\/cs\/"},{"@type":"ListItem","position":2,"name":"CERADA"}]},{"@type":"WebSite","@id":"https:\/\/autoklastr.cz\/cs\/#website","url":"https:\/\/autoklastr.cz\/cs\/","name":"Autoklastr","description":"Spole\u010dn\u011b pro Automotive!","potentialAction":[{"@type":"SearchAction","target":{"@type":"EntryPoint","urlTemplate":"https:\/\/autoklastr.cz\/cs\/?s={search_term_string}"},"query-input":{"@type":"PropertyValueSpecification","valueRequired":true,"valueName":"search_term_string"}}],"inLanguage":"en-US"}]}},"_links":{"self":[{"href":"https:\/\/autoklastr.cz\/en\/wp-json\/wp\/v2\/projects\/610"}],"collection":[{"href":"https:\/\/autoklastr.cz\/en\/wp-json\/wp\/v2\/projects"}],"about":[{"href":"https:\/\/autoklastr.cz\/en\/wp-json\/wp\/v2\/types\/projects"}],"wp:featuredmedia":[{"embeddable":true,"href":"https:\/\/autoklastr.cz\/en\/wp-json\/wp\/v2\/media\/402"}],"wp:attachment":[{"href":"https:\/\/autoklastr.cz\/en\/wp-json\/wp\/v2\/media?parent=610"}],"wp:term":[{"taxonomy":"rok","embeddable":true,"href":"https:\/\/autoklastr.cz\/en\/wp-json\/wp\/v2\/rok?post=610"},{"taxonomy":"mesic","embeddable":true,"href":"https:\/\/autoklastr.cz\/en\/wp-json\/wp\/v2\/mesic?post=610"},{"taxonomy":"typ_projektu","embeddable":true,"href":"https:\/\/autoklastr.cz\/en\/wp-json\/wp\/v2\/typ_projektu?post=610"},{"taxonomy":"project_status","embeddable":true,"href":"https:\/\/autoklastr.cz\/en\/wp-json\/wp\/v2\/project_status?post=610"}],"curies":[{"name":"wp","href":"https:\/\/api.w.org\/{rel}","templated":true}]}}

<p><img loading="lazy" decoding="async" class="alignnone size-full wp-image-611" src="https://www.autoklastr.cz/wp-content/uploads/2020/10/cerada.jpg" alt="" width="212" height="50" /><br />
<strong>CERADA</strong> &#8211; (Central Research and Development Area) přispívá k zdokonalení a posílení potenciálu v oblasti výzkumu, vývoje a inovací pro automobilový a letecký průmysl v kooperujících regiónech České, Slovenské republiky a Polska.</p>
<p><a href="http://www.cerada.org/database/" target="_blank" rel="noopener noreferrer"><img decoding="async" src="http://autoklastr.cz/images/NDA5eDIwMHgyMzU=/cerada.png" alt="" /></a>Pro dosažení cílu byla vytvořena platforma, která přispěje k zdokonalení V&#038;V v kooperujících regiónech. Nástrojem je databáze – <a href="http://www.cerada.org/database/" target="_blank" rel="noopener noreferrer"><strong>CERADA CATALOGUE</strong></a></p>
<p>Obsahuje:</p>
<ul>
<li>detailní profily vědecko výzkumních institucí, jejich specifikace v oboru, laboratorní vybavení a jiné,</li>
<li>pokročile vyhledávaní,</li>
<li>reference s ohledem na spolupráci s podniky.</li>
</ul>

<p>CERADA &#8211; (Central Research and Development Area) přispívá k zdokonalení a posílení potenciálu v oblasti výzkumu, vývoje a inovací pro automobilový a letecký průmysl v kooperujících regiónech České, Slovenské republiky a Polska. Pro dosažení cílu byla vytvořena platforma, která přispěje k zdokonalení V&#038;V v kooperujících regiónech. Nástrojem je databáze – CERADA CATALOGUE Obsahuje: detailní profily vědecko výzkumních institucí, jejich specifikace v oboru, laboratorní vybavení a jiné, pokročile vyhledávaní, reference s ohledem [&hellip;]</p>

<!-- This site is optimized with the Yoast SEO plugin v24.5 - https://yoast.com/wordpress/plugins/seo/ -->
<title>CERADA | Autoklastr</title>
<meta name="robots" content="index, follow, max-snippet:-1, max-image-preview:large, max-video-preview:-1" />
<link rel="canonical" href="https://autoklastr.cz/en/projekty/cerada/" />
<meta property="og:locale" content="en_US" />
<meta property="og:locale:alternate" content="cs_CZ" />
<meta property="og:type" content="article" />
<meta property="og:title" content="CERADA" />
<meta property="og:description" content="CERADA &#8211; (Central Research and Development Area) přispívá k zdokonalení a posílení potenciálu v oblasti výzkumu, vývoje a inovací pro automobilový a letecký průmysl v kooperujících regiónech České, Slovenské republiky a Polska. Pro dosažení cílu byla vytvořena platforma, která přispěje k zdokonalení V&amp;V v kooperujících regiónech. Nástrojem je databáze – CERADA CATALOGUE Obsahuje: detailní profily vědecko výzkumních institucí, jejich specifikace v oboru, laboratorní vybavení a jiné, pokročile vyhledávaní, reference s ohledem [&hellip;]" />
<meta property="og:url" content="https://autoklastr.cz/en/projekty/cerada/" />
<meta property="og:site_name" content="Autoklastr" />
<meta property="article:modified_time" content="2020-10-21T13:08:32+00:00" />
<meta property="og:image" content="https://autoklastr.cz/wp-content/uploads/2020/09/logo-1.png" />
	<meta property="og:image:width" content="543" />
	<meta property="og:image:height" content="124" />
	<meta property="og:image:type" content="image/png" />
<meta name="twitter:card" content="summary_large_image" />
<meta name="twitter:label1" content="Est. reading time" />
	<meta name="twitter:data1" content="1 minute" />
<script type="application/ld+json" class="yoast-schema-graph">{"@context":"https://schema.org","@graph":[{"@type":"WebPage","@id":"https://autoklastr.cz/en/projekty/cerada/","url":"https://autoklastr.cz/en/projekty/cerada/","name":"CERADA","isPartOf":{"@id":"https://autoklastr.cz/cs/#website"},"primaryImageOfPage":{"@id":"https://autoklastr.cz/en/projekty/cerada/#primaryimage"},"image":{"@id":"https://autoklastr.cz/en/projekty/cerada/#primaryimage"},"thumbnailUrl":"https://autoklastr.cz/wp-content/uploads/2020/09/logo-1.png","datePublished":"2020-09-19T13:08:20+00:00","dateModified":"2020-10-21T13:08:32+00:00","breadcrumb":{"@id":"https://autoklastr.cz/en/projekty/cerada/#breadcrumb"},"inLanguage":"en-US","potentialAction":[{"@type":"ReadAction","target":["https://autoklastr.cz/en/projekty/cerada/"]}]},{"@type":"ImageObject","inLanguage":"en-US","@id":"https://autoklastr.cz/en/projekty/cerada/#primaryimage","url":"https://autoklastr.cz/wp-content/uploads/2020/09/logo-1.png","contentUrl":"https://autoklastr.cz/wp-content/uploads/2020/09/logo-1.png","width":543,"height":124},{"@type":"BreadcrumbList","@id":"https://autoklastr.cz/en/projekty/cerada/#breadcrumb","itemListElement":[{"@type":"ListItem","position":1,"name":"Domů","item":"https://autoklastr.cz/cs/"},{"@type":"ListItem","position":2,"name":"CERADA"}]},{"@type":"WebSite","@id":"https://autoklastr.cz/cs/#website","url":"https://autoklastr.cz/cs/","name":"Autoklastr","description":"Společně pro Automotive!","potentialAction":[{"@type":"SearchAction","target":{"@type":"EntryPoint","urlTemplate":"https://autoklastr.cz/cs/?s={search_term_string}"},"query-input":{"@type":"PropertyValueSpecification","valueRequired":true,"valueName":"search_term_string"}}],"inLanguage":"en-US"}]}</script>
<!-- / Yoast SEO plugin. -->

CERADA &#8211; (Central Research and Development Area) přispívá k zdokonalení a posílení potenciálu v oblasti výzkumu, vývoje a inovací pro automobilový a letecký průmysl v kooperujících regiónech České, Slovenské republiky a Polska. Pro dosažení cílu byla vytvořena platforma, která přispěje k zdokonalení V&#038;V v kooperujících regiónech. Nástrojem je databáze – CERADA CATALOGUE Obsahuje: detailní profily vědecko výzkumních institucí, jejich specifikace v oboru, laboratorní vybavení a jiné, pokročile vyhledávaní, reference s ohledem [&hellip;]

Domů

Společně pro Automotive!
