{"id":3493,"date":"2021-02-09T09:18:02","date_gmt":"2021-02-09T08:18:02","guid":{"rendered":"https:\/\/www.autoklastr.cz\/?post_type=akce&#038;p=3493"},"modified":"2021-02-19T12:28:56","modified_gmt":"2021-02-19T11:28:56","slug":"webinar-tacr-programy-pro-automobilovy-prumysl","status":"publish","type":"akce","link":"https:\/\/autoklastr.cz\/cs\/akce\/webinar-tacr-programy-pro-automobilovy-prumysl\/","title":{"rendered":"Webin\u00e1\u0159: TA\u010cR-programy pro Automobilov\u00fd pr\u016fmysl"},"content":{"rendered":"<p><img loading=\"lazy\" decoding=\"async\" class=\"alignnone wp-image-3494\" src=\"https:\/\/www.autoklastr.cz\/wp-content\/uploads\/2021\/02\/Kopie-navrhu-udrzba-2-300x94.png\" alt=\"\" width=\"798\" height=\"250\" srcset=\"https:\/\/autoklastr.cz\/wp-content\/uploads\/2021\/02\/Kopie-navrhu-udrzba-2-300x94.png 300w, https:\/\/autoklastr.cz\/wp-content\/uploads\/2021\/02\/Kopie-navrhu-udrzba-2-1024x320.png 1024w, https:\/\/autoklastr.cz\/wp-content\/uploads\/2021\/02\/Kopie-navrhu-udrzba-2-768x240.png 768w, https:\/\/autoklastr.cz\/wp-content\/uploads\/2021\/02\/Kopie-navrhu-udrzba-2-1200x375.png 1200w, https:\/\/autoklastr.cz\/wp-content\/uploads\/2021\/02\/Kopie-navrhu-udrzba-2.png 1280w\" sizes=\"(max-width: 798px) 100vw, 798px\" \/><\/p>\n<p>Autoklastr ve spolupr\u00e1ci s Technologickou Agenturou \u010cR v\u00e1s zvou na webin\u00e1\u0159 k p\u0159edstaven\u00ed dota\u010dn\u00edch program\u016f vyu\u017eiteln\u00fdch v automobilov\u00e9m pr\u016fmyslu.<\/p>\n<p>\u00da\u010delem webin\u00e1\u0159e je sezn\u00e1mit \u00fa\u010dastn\u00edky s programy Trend a Doprava2020+, tak aby byli \u00fa\u010dastn\u00edci schopni relevantn\u011b posoudit svoji p\u0159\u00edpadnou \u00fa\u010dast v t\u011bchto programech.<\/p>\n<p><strong>Agenda:<\/strong><\/p>\n<ul>\n<li>P\u0159ipojen\u00ed \u00fa\u010dastn\u00edk\u016f a \u00favodn\u00ed slovo: <strong>Ladislav Glogar, Autoklastr\u00a0 \u00a0<\/strong> 5 min<\/li>\n<li>P\u0159edstaven\u00ed program\u016f Trend a Doprava 2020+: <strong>Filip Chlebi\u0161, TA\u010cR\u00a0 \u00a0<\/strong> 30min<\/li>\n<li>Z\u00e1v\u011br, dotazy, dal\u0161\u00ed kroky: <strong>Ladislav Glogar, Filip Chlebi\u0161<\/strong>\u00a0 \u00a0 10 min<\/li>\n<\/ul>\n<p>Svoji \u00fa\u010dast na webin\u00e1\u0159i potvr\u010fte p\u0159es registra\u010dn\u00ed formul\u00e1\u0159. \u00da\u010dast na webin\u00e1\u0159i je pro \u010dleny Autoklastru zdarma<\/p>\n<p>Na email v\u00e1m po registraci p\u0159ijde potvrzen\u00ed o \u00fa\u010dasti a ud\u00e1lost se v\u00e1m ulo\u017e\u00ed do kalend\u00e1\u0159e.<\/p>\n<p>N\u00e1vod k aplikaci ZOOM<\/p>\n<p><a href=\"https:\/\/zoom.us\/meeting\/register\/tJYude2qqzkpGdJQ1ux84cdITSGKSgydyLNA\">Registra\u010dn\u00ed formul\u00e1\u0159 ZOOM\u00a0<\/a><\/p>\n<p>&nbsp;<\/p>\n<p>&nbsp;<\/p>\n<p>&nbsp;<\/p>\n","protected":false},"excerpt":{"rendered":"<p>Autoklastr ve spolupr\u00e1ci s Technologickou Agenturou \u010cR v\u00e1s zvou na webin\u00e1\u0159 k p\u0159edstaven\u00ed dota\u010dn\u00edch program\u016f vyu\u017eiteln\u00fdch v automobilov\u00e9m pr\u016fmyslu.<\/p>\n","protected":false},"featured_media":3512,"template":"","rok":[73],"mesic":[79],"type_action":[536],"acf":[],"yoast_head":"<!-- This site is optimized with the Yoast SEO plugin v24.5 - https:\/\/yoast.com\/wordpress\/plugins\/seo\/ -->\n<title>Webin\u00e1\u0159: TA\u010cR-programy pro Automobilov\u00fd pr\u016fmysl | Autoklastr<\/title>\n<meta name=\"robots\" content=\"index, follow, max-snippet:-1, max-image-preview:large, max-video-preview:-1\" \/>\n<link rel=\"canonical\" href=\"https:\/\/autoklastr.cz\/cs\/akce\/webinar-tacr-programy-pro-automobilovy-prumysl\/\" \/>\n<meta property=\"og:locale\" content=\"cs_CZ\" \/>\n<meta property=\"og:locale:alternate\" content=\"en_US\" \/>\n<meta property=\"og:type\" content=\"article\" \/>\n<meta property=\"og:title\" content=\"Webin\u00e1\u0159: TA\u010cR-programy pro Automobilov\u00fd pr\u016fmysl\" \/>\n<meta property=\"og:description\" content=\"Autoklastr ve spolupr\u00e1ci s Technologickou Agenturou \u010cR v\u00e1s zvou na webin\u00e1\u0159 k p\u0159edstaven\u00ed dota\u010dn\u00edch program\u016f vyu\u017eiteln\u00fdch v automobilov\u00e9m pr\u016fmyslu.\" \/>\n<meta property=\"og:url\" content=\"https:\/\/autoklastr.cz\/cs\/akce\/webinar-tacr-programy-pro-automobilovy-prumysl\/\" \/>\n<meta property=\"og:site_name\" content=\"Autoklastr\" \/>\n<meta property=\"article:modified_time\" content=\"2021-02-19T11:28:56+00:00\" \/>\n<meta property=\"og:image\" content=\"https:\/\/autoklastr.cz\/wp-content\/uploads\/2021\/02\/tacr.jpg\" \/>\n\t<meta property=\"og:image:width\" content=\"800\" \/>\n\t<meta property=\"og:image:height\" content=\"488\" \/>\n\t<meta property=\"og:image:type\" content=\"image\/jpeg\" \/>\n<meta name=\"twitter:card\" content=\"summary_large_image\" \/>\n<meta name=\"twitter:label1\" content=\"Odhadovan\u00e1 doba \u010dten\u00ed\" \/>\n\t<meta name=\"twitter:data1\" content=\"1 minuta\" \/>\n<script type=\"application\/ld+json\" class=\"yoast-schema-graph\">{\"@context\":\"https:\/\/schema.org\",\"@graph\":[{\"@type\":\"WebPage\",\"@id\":\"https:\/\/autoklastr.cz\/cs\/akce\/webinar-tacr-programy-pro-automobilovy-prumysl\/\",\"url\":\"https:\/\/autoklastr.cz\/cs\/akce\/webinar-tacr-programy-pro-automobilovy-prumysl\/\",\"name\":\"Webin\u00e1\u0159: TA\u010cR-programy pro Automobilov\u00fd pr\u016fmysl\",\"isPartOf\":{\"@id\":\"https:\/\/autoklastr.cz\/cs\/#website\"},\"primaryImageOfPage\":{\"@id\":\"https:\/\/autoklastr.cz\/cs\/akce\/webinar-tacr-programy-pro-automobilovy-prumysl\/#primaryimage\"},\"image\":{\"@id\":\"https:\/\/autoklastr.cz\/cs\/akce\/webinar-tacr-programy-pro-automobilovy-prumysl\/#primaryimage\"},\"thumbnailUrl\":\"https:\/\/autoklastr.cz\/wp-content\/uploads\/2021\/02\/tacr.jpg\",\"datePublished\":\"2021-02-09T08:18:02+00:00\",\"dateModified\":\"2021-02-19T11:28:56+00:00\",\"breadcrumb\":{\"@id\":\"https:\/\/autoklastr.cz\/cs\/akce\/webinar-tacr-programy-pro-automobilovy-prumysl\/#breadcrumb\"},\"inLanguage\":\"cs-CZ\",\"potentialAction\":[{\"@type\":\"ReadAction\",\"target\":[\"https:\/\/autoklastr.cz\/cs\/akce\/webinar-tacr-programy-pro-automobilovy-prumysl\/\"]}]},{\"@type\":\"ImageObject\",\"inLanguage\":\"cs-CZ\",\"@id\":\"https:\/\/autoklastr.cz\/cs\/akce\/webinar-tacr-programy-pro-automobilovy-prumysl\/#primaryimage\",\"url\":\"https:\/\/autoklastr.cz\/wp-content\/uploads\/2021\/02\/tacr.jpg\",\"contentUrl\":\"https:\/\/autoklastr.cz\/wp-content\/uploads\/2021\/02\/tacr.jpg\",\"width\":800,\"height\":488},{\"@type\":\"BreadcrumbList\",\"@id\":\"https:\/\/autoklastr.cz\/cs\/akce\/webinar-tacr-programy-pro-automobilovy-prumysl\/#breadcrumb\",\"itemListElement\":[{\"@type\":\"ListItem\",\"position\":1,\"name\":\"Dom\u016f\",\"item\":\"https:\/\/autoklastr.cz\/cs\/\"},{\"@type\":\"ListItem\",\"position\":2,\"name\":\"Webin\u00e1\u0159: TA\u010cR-programy pro Automobilov\u00fd pr\u016fmysl\"}]},{\"@type\":\"WebSite\",\"@id\":\"https:\/\/autoklastr.cz\/cs\/#website\",\"url\":\"https:\/\/autoklastr.cz\/cs\/\",\"name\":\"Autoklastr\",\"description\":\"Spole\u010dn\u011b pro Automotive!\",\"potentialAction\":[{\"@type\":\"SearchAction\",\"target\":{\"@type\":\"EntryPoint\",\"urlTemplate\":\"https:\/\/autoklastr.cz\/cs\/?s={search_term_string}\"},\"query-input\":{\"@type\":\"PropertyValueSpecification\",\"valueRequired\":true,\"valueName\":\"search_term_string\"}}],\"inLanguage\":\"cs-CZ\"}]}<\/script>\n<!-- \/ Yoast SEO plugin. -->","yoast_head_json":{"title":"Webin\u00e1\u0159: TA\u010cR-programy pro Automobilov\u00fd pr\u016fmysl | Autoklastr","robots":{"index":"index","follow":"follow","max-snippet":"max-snippet:-1","max-image-preview":"max-image-preview:large","max-video-preview":"max-video-preview:-1"},"canonical":"https:\/\/autoklastr.cz\/cs\/akce\/webinar-tacr-programy-pro-automobilovy-prumysl\/","og_locale":"cs_CZ","og_type":"article","og_title":"[:cs]Webin\u00e1\u0159: TA\u010cR-programy pro Automobilov\u00fd pr\u016fmysl[:] | Autoklastr","og_description":"Autoklastr ve spolupr\u00e1ci s Technologickou Agenturou \u010cR v\u00e1s zvou na webin\u00e1\u0159 k p\u0159edstaven\u00ed dota\u010dn\u00edch program\u016f vyu\u017eiteln\u00fdch v automobilov\u00e9m pr\u016fmyslu.","og_url":"https:\/\/autoklastr.cz\/cs\/akce\/webinar-tacr-programy-pro-automobilovy-prumysl\/","og_site_name":"Autoklastr","article_modified_time":"2021-02-19T11:28:56+00:00","og_image":[{"width":800,"height":488,"url":"https:\/\/autoklastr.cz\/wp-content\/uploads\/2021\/02\/tacr.jpg","type":"image\/jpeg"}],"twitter_card":"summary_large_image","twitter_misc":{"Odhadovan\u00e1 doba \u010dten\u00ed":"1 minuta"},"schema":{"@context":"https:\/\/schema.org","@graph":[{"@type":"WebPage","@id":"https:\/\/autoklastr.cz\/cs\/akce\/webinar-tacr-programy-pro-automobilovy-prumysl\/","url":"https:\/\/autoklastr.cz\/cs\/akce\/webinar-tacr-programy-pro-automobilovy-prumysl\/","name":"Webin\u00e1\u0159: TA\u010cR-programy pro Automobilov\u00fd pr\u016fmysl","isPartOf":{"@id":"https:\/\/autoklastr.cz\/cs\/#website"},"primaryImageOfPage":{"@id":"https:\/\/autoklastr.cz\/cs\/akce\/webinar-tacr-programy-pro-automobilovy-prumysl\/#primaryimage"},"image":{"@id":"https:\/\/autoklastr.cz\/cs\/akce\/webinar-tacr-programy-pro-automobilovy-prumysl\/#primaryimage"},"thumbnailUrl":"https:\/\/autoklastr.cz\/wp-content\/uploads\/2021\/02\/tacr.jpg","datePublished":"2021-02-09T08:18:02+00:00","dateModified":"2021-02-19T11:28:56+00:00","breadcrumb":{"@id":"https:\/\/autoklastr.cz\/cs\/akce\/webinar-tacr-programy-pro-automobilovy-prumysl\/#breadcrumb"},"inLanguage":"cs-CZ","potentialAction":[{"@type":"ReadAction","target":["https:\/\/autoklastr.cz\/cs\/akce\/webinar-tacr-programy-pro-automobilovy-prumysl\/"]}]},{"@type":"ImageObject","inLanguage":"cs-CZ","@id":"https:\/\/autoklastr.cz\/cs\/akce\/webinar-tacr-programy-pro-automobilovy-prumysl\/#primaryimage","url":"https:\/\/autoklastr.cz\/wp-content\/uploads\/2021\/02\/tacr.jpg","contentUrl":"https:\/\/autoklastr.cz\/wp-content\/uploads\/2021\/02\/tacr.jpg","width":800,"height":488},{"@type":"BreadcrumbList","@id":"https:\/\/autoklastr.cz\/cs\/akce\/webinar-tacr-programy-pro-automobilovy-prumysl\/#breadcrumb","itemListElement":[{"@type":"ListItem","position":1,"name":"Dom\u016f","item":"https:\/\/autoklastr.cz\/cs\/"},{"@type":"ListItem","position":2,"name":"Webin\u00e1\u0159: TA\u010cR-programy pro Automobilov\u00fd pr\u016fmysl"}]},{"@type":"WebSite","@id":"https:\/\/autoklastr.cz\/cs\/#website","url":"https:\/\/autoklastr.cz\/cs\/","name":"Autoklastr","description":"Spole\u010dn\u011b pro Automotive!","potentialAction":[{"@type":"SearchAction","target":{"@type":"EntryPoint","urlTemplate":"https:\/\/autoklastr.cz\/cs\/?s={search_term_string}"},"query-input":{"@type":"PropertyValueSpecification","valueRequired":true,"valueName":"search_term_string"}}],"inLanguage":"cs-CZ"}]}},"_links":{"self":[{"href":"https:\/\/autoklastr.cz\/cs\/wp-json\/wp\/v2\/akce\/3493"}],"collection":[{"href":"https:\/\/autoklastr.cz\/cs\/wp-json\/wp\/v2\/akce"}],"about":[{"href":"https:\/\/autoklastr.cz\/cs\/wp-json\/wp\/v2\/types\/akce"}],"wp:featuredmedia":[{"embeddable":true,"href":"https:\/\/autoklastr.cz\/cs\/wp-json\/wp\/v2\/media\/3512"}],"wp:attachment":[{"href":"https:\/\/autoklastr.cz\/cs\/wp-json\/wp\/v2\/media?parent=3493"}],"wp:term":[{"taxonomy":"rok","embeddable":true,"href":"https:\/\/autoklastr.cz\/cs\/wp-json\/wp\/v2\/rok?post=3493"},{"taxonomy":"mesic","embeddable":true,"href":"https:\/\/autoklastr.cz\/cs\/wp-json\/wp\/v2\/mesic?post=3493"},{"taxonomy":"type_action","embeddable":true,"href":"https:\/\/autoklastr.cz\/cs\/wp-json\/wp\/v2\/type_action?post=3493"}],"curies":[{"name":"wp","href":"https:\/\/api.w.org\/{rel}","templated":true}]}}

Webinář: TAČR-programy pro Automobilový průmysl

<p><img loading="lazy" decoding="async" class="alignnone wp-image-3494" src="https://www.autoklastr.cz/wp-content/uploads/2021/02/Kopie-navrhu-udrzba-2-300x94.png" alt="" width="798" height="250" srcset="https://autoklastr.cz/wp-content/uploads/2021/02/Kopie-navrhu-udrzba-2-300x94.png 300w, https://autoklastr.cz/wp-content/uploads/2021/02/Kopie-navrhu-udrzba-2-1024x320.png 1024w, https://autoklastr.cz/wp-content/uploads/2021/02/Kopie-navrhu-udrzba-2-768x240.png 768w, https://autoklastr.cz/wp-content/uploads/2021/02/Kopie-navrhu-udrzba-2-1200x375.png 1200w, https://autoklastr.cz/wp-content/uploads/2021/02/Kopie-navrhu-udrzba-2.png 1280w" sizes="(max-width: 798px) 100vw, 798px" /></p>
<p>Autoklastr ve spolupráci s Technologickou Agenturou ČR vás zvou na webinář k představení dotačních programů využitelných v automobilovém průmyslu.</p>
<p>Účelem webináře je seznámit účastníky s programy Trend a Doprava2020+, tak aby byli účastníci schopni relevantně posoudit svoji případnou účast v těchto programech.</p>
<p><strong>Agenda:</strong></p>
<ul>
<li>Připojení účastníků a úvodní slovo: <strong>Ladislav Glogar, Autoklastr   </strong> 5 min</li>
<li>Představení programů Trend a Doprava 2020+: <strong>Filip Chlebiš, TAČR   </strong> 30min</li>
<li>Závěr, dotazy, další kroky: <strong>Ladislav Glogar, Filip Chlebiš</strong>    10 min</li>
</ul>
<p>Svoji účast na webináři potvrďte přes registrační formulář. Účast na webináři je pro členy Autoklastru zdarma</p>
<p>Na email vám po registraci přijde potvrzení o účasti a událost se vám uloží do kalendáře.</p>
<p>Návod k aplikaci ZOOM</p>
<p><a href="https://zoom.us/meeting/register/tJYude2qqzkpGdJQ1ux84cdITSGKSgydyLNA">Registrační formulář ZOOM </a></p>
<p>&nbsp;</p>
<p>&nbsp;</p>
<p>&nbsp;</p>

<p>Autoklastr ve spolupráci s Technologickou Agenturou ČR vás zvou na webinář k představení dotačních programů využitelných v automobilovém průmyslu.</p>

<!-- This site is optimized with the Yoast SEO plugin v24.5 - https://yoast.com/wordpress/plugins/seo/ -->
<title>Webinář: TAČR-programy pro Automobilový průmysl | Autoklastr</title>
<meta name="robots" content="index, follow, max-snippet:-1, max-image-preview:large, max-video-preview:-1" />
<link rel="canonical" href="https://autoklastr.cz/cs/akce/webinar-tacr-programy-pro-automobilovy-prumysl/" />
<meta property="og:locale" content="cs_CZ" />
<meta property="og:locale:alternate" content="en_US" />
<meta property="og:type" content="article" />
<meta property="og:title" content="Webinář: TAČR-programy pro Automobilový průmysl" />
<meta property="og:description" content="Autoklastr ve spolupráci s Technologickou Agenturou ČR vás zvou na webinář k představení dotačních programů využitelných v automobilovém průmyslu." />
<meta property="og:url" content="https://autoklastr.cz/cs/akce/webinar-tacr-programy-pro-automobilovy-prumysl/" />
<meta property="og:site_name" content="Autoklastr" />
<meta property="article:modified_time" content="2021-02-19T11:28:56+00:00" />
<meta property="og:image" content="https://autoklastr.cz/wp-content/uploads/2021/02/tacr.jpg" />
	<meta property="og:image:width" content="800" />
	<meta property="og:image:height" content="488" />
	<meta property="og:image:type" content="image/jpeg" />
<meta name="twitter:card" content="summary_large_image" />
<meta name="twitter:label1" content="Odhadovaná doba čtení" />
	<meta name="twitter:data1" content="1 minuta" />
<script type="application/ld+json" class="yoast-schema-graph">{"@context":"https://schema.org","@graph":[{"@type":"WebPage","@id":"https://autoklastr.cz/cs/akce/webinar-tacr-programy-pro-automobilovy-prumysl/","url":"https://autoklastr.cz/cs/akce/webinar-tacr-programy-pro-automobilovy-prumysl/","name":"Webinář: TAČR-programy pro Automobilový průmysl","isPartOf":{"@id":"https://autoklastr.cz/cs/#website"},"primaryImageOfPage":{"@id":"https://autoklastr.cz/cs/akce/webinar-tacr-programy-pro-automobilovy-prumysl/#primaryimage"},"image":{"@id":"https://autoklastr.cz/cs/akce/webinar-tacr-programy-pro-automobilovy-prumysl/#primaryimage"},"thumbnailUrl":"https://autoklastr.cz/wp-content/uploads/2021/02/tacr.jpg","datePublished":"2021-02-09T08:18:02+00:00","dateModified":"2021-02-19T11:28:56+00:00","breadcrumb":{"@id":"https://autoklastr.cz/cs/akce/webinar-tacr-programy-pro-automobilovy-prumysl/#breadcrumb"},"inLanguage":"cs-CZ","potentialAction":[{"@type":"ReadAction","target":["https://autoklastr.cz/cs/akce/webinar-tacr-programy-pro-automobilovy-prumysl/"]}]},{"@type":"ImageObject","inLanguage":"cs-CZ","@id":"https://autoklastr.cz/cs/akce/webinar-tacr-programy-pro-automobilovy-prumysl/#primaryimage","url":"https://autoklastr.cz/wp-content/uploads/2021/02/tacr.jpg","contentUrl":"https://autoklastr.cz/wp-content/uploads/2021/02/tacr.jpg","width":800,"height":488},{"@type":"BreadcrumbList","@id":"https://autoklastr.cz/cs/akce/webinar-tacr-programy-pro-automobilovy-prumysl/#breadcrumb","itemListElement":[{"@type":"ListItem","position":1,"name":"Domů","item":"https://autoklastr.cz/cs/"},{"@type":"ListItem","position":2,"name":"Webinář: TAČR-programy pro Automobilový průmysl"}]},{"@type":"WebSite","@id":"https://autoklastr.cz/cs/#website","url":"https://autoklastr.cz/cs/","name":"Autoklastr","description":"Společně pro Automotive!","potentialAction":[{"@type":"SearchAction","target":{"@type":"EntryPoint","urlTemplate":"https://autoklastr.cz/cs/?s={search_term_string}"},"query-input":{"@type":"PropertyValueSpecification","valueRequired":true,"valueName":"search_term_string"}}],"inLanguage":"cs-CZ"}]}</script>
<!-- / Yoast SEO plugin. -->

Webinář: TAČR-programy pro Automobilový průmysl | Autoklastr

[:cs]Webinář: TAČR-programy pro Automobilový průmysl[:] | Autoklastr

Autoklastr ve spolupráci s Technologickou Agenturou ČR vás zvou na webinář k představení dotačních programů využitelných v automobilovém průmyslu.

Domů

Společně pro Automotive!
